{"id":226,"date":"2025-11-14T05:15:07","date_gmt":"2025-11-14T05:15:07","guid":{"rendered":"https:\/\/iestphuarmaca.edu.pe\/portal\/?page_id=226"},"modified":"2026-04-29T14:43:52","modified_gmt":"2026-04-29T19:43:52","slug":"resena-historica","status":"publish","type":"page","link":"https:\/\/iestphuarmaca.edu.pe\/portal\/resena-historica\/","title":{"rendered":"Rese\u00f1a Historica"},"content":{"rendered":"\t\t<div data-elementor-type=\"wp-page\" data-elementor-id=\"226\" class=\"elementor elementor-226\" data-elementor-post-type=\"page\">\n\t\t\t\t<div data-particle_enable=\"false\" data-particle-mobile-disabled=\"false\" class=\"elementor-element elementor-element-3b7bae80 e-con-full e-flex e-con e-parent\" data-id=\"3b7bae80\" data-element_type=\"container\" data-e-type=\"container\" data-settings=\"{&quot;background_background&quot;:&quot;classic&quot;}\">\n\t\t<div data-particle_enable=\"false\" data-particle-mobile-disabled=\"false\" class=\"elementor-element elementor-element-56c52303 e-con-full e-flex e-con e-child\" data-id=\"56c52303\" data-element_type=\"container\" data-e-type=\"container\" data-settings=\"{&quot;background_background&quot;:&quot;classic&quot;}\">\n\t\t\t\t<div class=\"elementor-element elementor-element-3b60d2ef elementor-widget elementor-widget-heading\" data-id=\"3b60d2ef\" data-element_type=\"widget\" data-e-type=\"widget\" data-widget_type=\"heading.default\">\n\t\t\t\t\t<h1 class=\"elementor-heading-title elementor-size-default\">conoce nuestra historia<\/h1>\t\t\t\t<\/div>\n\t\t\t\t<div class=\"elementor-element elementor-element-b6cbfb5 elementor-widget elementor-widget-text-editor\" data-id=\"b6cbfb5\" data-element_type=\"widget\" data-e-type=\"widget\" data-widget_type=\"text-editor.default\">\n\t\t\t\t\t\t\t\t\t<p>A\u00f1os formando profesionales t\u00e9cnicos de excelencia, comprometidos con el desarrollo de la salud y el sector empresarial de nuestra regi\u00f3n.<\/p>\t\t\t\t\t\t\t\t<\/div>\n\t\t\t\t<\/div>\n\t\t\t\t<\/div>\n\t\t<div data-particle_enable=\"false\" data-particle-mobile-disabled=\"false\" class=\"elementor-element elementor-element-4adbfa5c e-con-full e-flex e-con e-parent\" data-id=\"4adbfa5c\" data-element_type=\"container\" data-e-type=\"container\" data-settings=\"{&quot;background_background&quot;:&quot;classic&quot;}\">\n\t\t<div data-particle_enable=\"false\" data-particle-mobile-disabled=\"false\" class=\"elementor-element elementor-element-630f20c3 e-flex e-con-boxed e-con e-child\" data-id=\"630f20c3\" data-element_type=\"container\" data-e-type=\"container\">\n\t\t\t\t\t<div class=\"e-con-inner\">\n\t\t\t\t\t\t\t<div data-eael_duration=\"{&quot;transitionDuration&quot;:1000}\" data-eael_easing=\"{&quot;transitionEasing&quot;:&quot;ease&quot;}\" data-eael_hover_duration=\"{&quot;transitionDuration&quot;:1000}\" data-eael_hover_easing=\"{&quot;transitionEasing&quot;:&quot;ease&quot;}\" class=\"eael_hover_effect elementor-element elementor-element-5e70e44b elementor-widget elementor-widget-eael-adv-tabs\" data-id=\"5e70e44b\" data-element_type=\"widget\" data-e-type=\"widget\" data-settings=\"{&quot;eael_hover_effect_transform_popover&quot;:&quot;yes&quot;,&quot;eael_hover_effect_general_settings_easing&quot;:&quot;ease&quot;,&quot;eael_hover_effect_general_settings_hover_easing&quot;:&quot;ease&quot;}\" data-widget_type=\"eael-adv-tabs.default\">\n\t\t\t\t\t        <div data-scroll-on-click=\"yes\" data-scroll-speed=\"300\" id=\"eael-advance-tabs-5e70e44b\" class=\"eael-advance-tabs eael-tabs-horizontal eael-tab-auto-active  active-caret-on\" data-tabid=\"5e70e44b\">\n            <div class=\"eael-tabs-nav \">\n                <ul class=\"eael-tab-top-icon\" role=\"tablist\">\n                                            <li id=\"nuestra-historia\" class=\" eael-tab-item-trigger eael-tab-nav-item\" aria-selected=\"true\" data-tab=\"1\" role=\"tab\" tabindex=\"0\" aria-controls=\"nuestra-historia-tab\" aria-expanded=\"false\">\n                            \n                                                        \n                            \n                                                            <span class=\"eael-tab-title title-after-icon\" >Nuestra Historia<\/span>                                                    <\/li>\n                                            <li id=\"propsito-educativo\" class=\"inactive eael-tab-item-trigger eael-tab-nav-item\" aria-selected=\"false\" data-tab=\"2\" role=\"tab\" tabindex=\"-1\" aria-controls=\"propsito-educativo-tab\" aria-expanded=\"false\">\n                            \n                                                        \n                            \n                                                            <span class=\"eael-tab-title title-after-icon\" >Prop\u00f3sito Educativo<\/span>                                                    <\/li>\n                                            <li id=\"logros\" class=\"inactive eael-tab-item-trigger eael-tab-nav-item\" aria-selected=\"false\" data-tab=\"3\" role=\"tab\" tabindex=\"-1\" aria-controls=\"logros-tab\" aria-expanded=\"false\">\n                            \n                                                        \n                            \n                                                            <span class=\"eael-tab-title title-after-icon\" >Logros<\/span>                                                    <\/li>\n                                            <li id=\"enfoque-pedaggico\" class=\"inactive eael-tab-item-trigger eael-tab-nav-item\" aria-selected=\"false\" data-tab=\"4\" role=\"tab\" tabindex=\"-1\" aria-controls=\"enfoque-pedaggico-tab\" aria-expanded=\"false\">\n                            \n                                                        \n                            \n                                                            <span class=\"eael-tab-title title-after-icon\" >Enfoque Pedag\u00f3gico<\/span>                                                    <\/li>\n                                            <li id=\"convenios\" class=\"inactive eael-tab-item-trigger eael-tab-nav-item\" aria-selected=\"false\" data-tab=\"5\" role=\"tab\" tabindex=\"-1\" aria-controls=\"convenios-tab\" aria-expanded=\"false\">\n                            \n                                                        \n                            \n                                                            <span class=\"eael-tab-title title-after-icon\" >Convenios<\/span>                                                    <\/li>\n                    \n                                  <\/ul>\n            <\/div>\n            \n            <div class=\"eael-tabs-content\">\n\t\t        \n                    <div id=\"nuestra-historia-tab\" class=\"clearfix eael-tab-content-item \" data-title-link=\"nuestra-historia-tab\">\n\t\t\t\t        <p style=\"text-align: justify;\">RESE\u00d1A HIST\u00d3RICA INSTITUTO DE EDUCACI\u00d3N SUPERIOR TECNOL\u00d3GICO\nP\u00daBLICO \u201cHUARMACA\u201d\nEl Instituto de Educaci\u00f3n Superior Tecnol\u00f3gica Publico de \u201cHuarmaca\u201d, del Distrito de\n\u201cHuarmaca\u201d fue creado por el Gobierno de la Regi\u00f3n Grau mediante Resoluci\u00f3n Ejecutiva\nRegional (RER) N\u00ba 197- 91-RGP, el 06 de Mayo de 1991, con la Carrera Profesional de\nAgropecuaria por gesti\u00f3n de la Municipalidad Distrital de Huarmaca, siendo Alcalde el\nProfesor Artemio Ramos Vela, iniciando su funcionamiento el 31 de Marzo de 1992, por\ngesti\u00f3n del Ingeniero Wagner Efra\u00edn Ojeda Pacheco como su director.\nEl primer Examen de Admisi\u00f3n, se realiz\u00f3 el 11 de mayo de 1992 con el ingreso de 64\nalumnos en Carrera Profesional de Agropecuaria.\nEl 07 de abril de 1994, por efecto de la Resoluci\u00f3n Ministerial N\u00ba 0296-94-ED, el Ministerio\nde Educaci\u00f3n RECONOCE , la Creaci\u00f3n y Funcionamiento del Instituto, as\u00ed como tambi\u00e9n la\nCarrera Profesional de Agropecuaria desde el Primer Semestre Acad\u00e9mico de 1992.\nPor efecto de la Resoluci\u00f3n Directoral N\u00ba 0057-95-ED, del 07 de Febrero de 1995, el\nMinisterio de Educaci\u00f3n Autoriza la Creaci\u00f3n y Funcionamiento de la Carrera Profesional de\nEnfermer\u00eda.\nDesde el a\u00f1o 2009 mediante R.D. N\u00ba 0336-2009-ED, el IEST P\u00fablico \u201cHuarmaca\u201d es\nautorizado para desarrollar la experimentaci\u00f3n del Nuevo Dise\u00f1o Curricular B\u00e1sico de la\nEducaci\u00f3n Superior Tecnol\u00f3gica en los Programas de Estudio: de Producci\u00f3n Agropecuaria y\nEnfermer\u00eda T\u00e9cnica, basado en el enfoque por competencias del sistema modular; habiendo\negresado el a\u00f1o pasado la 30ava promoci\u00f3n en forma general de ambos programas y la\n12ava promoci\u00f3n en ambos Programas de Estudio del sistema modular.\nActualmente se viene ejecutando el PIP por el monto de 22 millones de soles, que\ncomprende la modernizaci\u00f3n de la infraestructura y equipamiento integral de ambos\nprogramas de estudio, para lograr el licenciamiento; cuenta con terreno propio\ndebidamente inscrito en los Registros P\u00fablicos de Piura. Convenios con los Establecimientos\nde Salud y Empresas agropecuarias para la realizaci\u00f3n de las experiencias formativas en\nsituaciones reales de trabajo de los estudiantes de ambos programas de estudio.<\/p>                    <\/div>\n\t\t        \n                    <div id=\"propsito-educativo-tab\" class=\"clearfix eael-tab-content-item inactive\" data-title-link=\"propsito-educativo-tab\">\n\t\t\t\t        <h4>PROP\u00d3SITO EDUCATIVO<\/h4><p>Formar profesionales t\u00e9cnicos altamente capacitados para responder a las necesidades del mercado laboral y del desarrollo productivo del pa\u00eds.<\/p><p>M\u00e1s espec\u00edficamente, la normativa establece que estos institutos deben:<\/p><ul><li><strong>Desarrollar competencias t\u00e9cnicas y tecnol\u00f3gicas<\/strong> en los estudiantes, orientadas a la pr\u00e1ctica y a la soluci\u00f3n de problemas reales.<\/li><li><strong>Vincular la formaci\u00f3n con el sector productivo<\/strong>, es decir, trabajar de la mano con empresas e industrias para asegurar que lo que se ense\u00f1a sea pertinente.<\/li><li><strong>Fomentar la innovaci\u00f3n y el emprendimiento<\/strong>, no solo formar trabajadores, sino tambi\u00e9n creadores de proyectos y negocios.<\/li><li><strong>Contribuir al desarrollo regional y nacional<\/strong>, adaptando su oferta educativa a las necesidades de cada zona.<\/li><li><strong>Promover valores y \u00e9tica profesional<\/strong>, adem\u00e1s de habilidades blandas como trabajo en equipo y liderazgo.<\/li><\/ul>                    <\/div>\n\t\t        \n                    <div id=\"logros-tab\" class=\"clearfix eael-tab-content-item inactive\" data-title-link=\"logros-tab\">\n\t\t\t\t        <h4>LOGROS<\/h4><ul><li data-start=\"1232\" data-end=\"1453\"><p data-start=\"1234\" data-end=\"1453\"><strong data-start=\"1234\" data-end=\"1295\">Avances en el fortalecimiento de la gesti\u00f3n institucional<\/strong>, orientados a la adecuaci\u00f3n normativa y al cumplimiento progresivo de las disposiciones establecidas por el Ministerio de Educaci\u00f3n para el licenciamiento.<\/p><\/li><li data-start=\"1455\" data-end=\"1629\"><p data-start=\"1457\" data-end=\"1629\"><strong data-start=\"1457\" data-end=\"1522\">Implementaci\u00f3n gradual de mejoras en los programas de estudio<\/strong>, con enfoque por competencias y articulaci\u00f3n al entorno productivo y social de la provincia y la regi\u00f3n.<\/p><\/li><li data-start=\"1631\" data-end=\"1847\"><p data-start=\"1633\" data-end=\"1847\"><strong data-start=\"1633\" data-end=\"1701\">Fortalecimiento continuo de las capacidades del personal docente<\/strong>, mediante procesos de actualizaci\u00f3n pedag\u00f3gica, t\u00e9cnica y disciplinar, en concordancia con los requerimientos del modelo de servicio educativo.<\/p><\/li><li data-start=\"1849\" data-end=\"2020\"><p data-start=\"1851\" data-end=\"2020\"><strong data-start=\"1851\" data-end=\"1934\">Mejoras progresivas en infraestructura, equipamiento y ambientes de aprendizaje<\/strong>, orientadas a asegurar condiciones adecuadas para la formaci\u00f3n profesional t\u00e9cnica.<\/p><\/li><li data-start=\"2022\" data-end=\"2219\"><p data-start=\"2024\" data-end=\"2219\"><strong data-start=\"2024\" data-end=\"2080\">Desarrollo de acciones de vinculaci\u00f3n con el entorno<\/strong>, a trav\u00e9s de pr\u00e1cticas formativas, convenios y actividades de proyecci\u00f3n social que contribuyen a la pertinencia de la oferta educativa.<\/p><\/li><li data-start=\"2221\" data-end=\"2381\"><p data-start=\"2223\" data-end=\"2381\"><strong data-start=\"2223\" data-end=\"2289\">Implementaci\u00f3n de mecanismos institucionales de autoevaluaci\u00f3n<\/strong>, orientados a la mejora continua y al aseguramiento de la calidad del servicio educativo.<\/p><\/li><\/ul>                    <\/div>\n\t\t        \n                    <div id=\"enfoque-pedaggico-tab\" class=\"clearfix eael-tab-content-item inactive\" data-title-link=\"enfoque-pedaggico-tab\">\n\t\t\t\t        <h4>ENFOQUE PEDAG\u00d3GICO<\/h4><p>Por normativa vigente emitida por el MINEDU, el IES P\u00fablico \u201cHuarmaca\u201d, asume el enfoque por competencias a partir del a\u00f1o 2010 considerando que este enfoque contribuye a la formaci\u00f3n integral de los estudiantes ya que este enfoque tiene una estructura modular que comprende capacidades, contenidos: Conceptuales, procedimentales y actitudinales e indicadores de logro. Asimismo, la evaluaci\u00f3n del aprendizaje utiliza instrumentos de evaluaci\u00f3n que permiten determinar los niveles de logro de las capacidades y la retroalimentaci\u00f3n o reforzamiento, de ser el caso, buscando en el estudiante el logro de capacidades y consecuentemente el logro de las competencias espec\u00edficas y para la empleabilidad<\/p>                    <\/div>\n\t\t        \n                    <div id=\"convenios-tab\" class=\"clearfix eael-tab-content-item inactive\" data-title-link=\"convenios-tab\">\n\t\t\t\t        <style>.elementor-460 .elementor-element.elementor-element-5d03e12{--display:flex;--flex-direction:column;--container-widget-width:100%;--container-widget-height:initial;--container-widget-flex-grow:0;--container-widget-align-self:initial;--flex-wrap-mobile:wrap;}.elementor-460 .elementor-element.elementor-element-f8fc212{--display:flex;}.elementor-460 .elementor-element.elementor-element-6c68359{text-align:center;}.elementor-460 .elementor-element.elementor-element-6c68359 .elementor-heading-title{font-size:27px;}@media(min-width:768px){.elementor-460 .elementor-element.elementor-element-f8fc212{--content-width:1600px;}}\/* Start custom CSS for eael-logo-carousel, class: .elementor-element-83868e2 *\/.eael-logo-carousel img {\r\n  filter: grayscale(10%);\r\n  transition: all 0.3s ease;\r\n}\r\n.eael-logo-carousel img:hover {\r\n  filter: grayscale(0%);\r\n}\r\n.eael-logo-carousel img {\r\n  width: 80px;   \/* controla el tama\u00f1o *\/\r\n  height: 80px;\r\n  object-fit: contain; \r\n  border-radius: 50%;  \/* hace el c\u00edrculo *\/\r\n  background: #fff;    \/* fondo dentro del c\u00edrculo *\/\r\n  padding: 2px;       \/* espacio alrededor del logo *\/\r\n  transition: all 0.3s ease;\r\n    border: 1px solid gray; \/* color y grosor del borde *\/\r\n}\/* End custom CSS *\/<\/style>\t\t<div data-elementor-type=\"single-page\" data-elementor-id=\"460\" class=\"elementor elementor-460\" data-elementor-post-type=\"elementor_library\">\n\t\t\t<div data-particle_enable=\"false\" data-particle-mobile-disabled=\"false\" class=\"elementor-element elementor-element-5d03e12 e-con-full e-flex e-con e-parent\" data-id=\"5d03e12\" data-element_type=\"container\" data-e-type=\"container\">\n\t\t<div data-particle_enable=\"false\" data-particle-mobile-disabled=\"false\" class=\"elementor-element elementor-element-f8fc212 e-flex e-con-boxed e-con e-child\" data-id=\"f8fc212\" data-element_type=\"container\" data-e-type=\"container\">\n\t\t\t\t\t<div class=\"e-con-inner\">\n\t\t\t\t<div class=\"elementor-element elementor-element-6c68359 elementor-widget elementor-widget-heading\" data-id=\"6c68359\" data-element_type=\"widget\" data-e-type=\"widget\" data-widget_type=\"heading.default\">\n\t\t\t\t\t<h2 class=\"elementor-heading-title elementor-size-default\">Nuestros Convenios<\/h2>\t\t\t\t<\/div>\n\t\t\t\t<div class=\"elementor-element elementor-element-83868e2 elementor-widget elementor-widget-eael-logo-carousel\" data-id=\"83868e2\" data-element_type=\"widget\" data-e-type=\"widget\" data-settings=\"{&quot;items&quot;:{&quot;unit&quot;:&quot;px&quot;,&quot;size&quot;:7,&quot;sizes&quot;:[]},&quot;items_tablet&quot;:{&quot;unit&quot;:&quot;px&quot;,&quot;size&quot;:2,&quot;sizes&quot;:[]},&quot;items_mobile&quot;:{&quot;unit&quot;:&quot;px&quot;,&quot;size&quot;:1,&quot;sizes&quot;:[]}}\" data-widget_type=\"eael-logo-carousel.default\">\n\t\t\t\t\t        <div class=\"swiper-container-wrap eael-logo-carousel-wrap\">\n            <div class=\"swiper swiper-8 eael-logo-carousel swiper-container-83868e2\" data-pagination=\".swiper-pagination-83868e2\" data-arrow-next=\".swiper-button-next-83868e2\" data-arrow-prev=\".swiper-button-prev-83868e2\" data-items-mobile=\"1\" data-items-tablet=\"2\" data-items=\"7\" data-margin=\"83\" data-effect=\"slide\" data-speed=\"400\" data-autoplay=\"2000\" data-pause-on-hover=\"true\" data-loop=\"1\">\n                <div class=\"swiper-wrapper\">\n\t\t\t\t\t                            <div class=\"swiper-slide\">\n                                <div class=\"eael-lc-logo-wrap\">\n\t\t\t\t\t\t\t\t\t                                    <div id=\"eael-lc-logo-31e3e31\" class=\"eael-lc-logo\">\n\t\t\t\t\t\t\t\t\t\t<img decoding=\"async\" class=\"eael-lc-img-src\" src=\"https:\/\/iestphuarmaca.edu.pe\/portal\/wp-content\/uploads\/2025\/11\/beneficiencia.webp\" alt=\"\">                                    <\/div>\n\t\t\t\t\t\t\t\t\t                                <\/div>\n                            <\/div>\n\t\t\t\t\t\t                            <div class=\"swiper-slide\">\n                                <div class=\"eael-lc-logo-wrap\">\n\t\t\t\t\t\t\t\t\t                                    <div id=\"eael-lc-logo-c862b9c\" class=\"eael-lc-logo\">\n\t\t\t\t\t\t\t\t\t\t<img decoding=\"async\" class=\"eael-lc-img-src\" src=\"https:\/\/iestphuarmaca.edu.pe\/portal\/wp-content\/uploads\/2025\/11\/bios.webp\" alt=\"\">                                    <\/div>\n\t\t\t\t\t\t\t\t\t                                <\/div>\n                            <\/div>\n\t\t\t\t\t\t                            <div class=\"swiper-slide\">\n                                <div class=\"eael-lc-logo-wrap\">\n\t\t\t\t\t\t\t\t\t                                    <div id=\"eael-lc-logo-644b393\" class=\"eael-lc-logo\">\n\t\t\t\t\t\t\t\t\t\t<img decoding=\"async\" class=\"eael-lc-img-src\" src=\"https:\/\/iestphuarmaca.edu.pe\/portal\/wp-content\/uploads\/2025\/11\/inmaculada.webp\" alt=\"\">                                    <\/div>\n\t\t\t\t\t\t\t\t\t                                <\/div>\n                            <\/div>\n\t\t\t\t\t\t                            <div class=\"swiper-slide\">\n                                <div class=\"eael-lc-logo-wrap\">\n\t\t\t\t\t\t\t\t\t                                    <div id=\"eael-lc-logo-216d0b1\" class=\"eael-lc-logo\">\n\t\t\t\t\t\t\t\t\t\t<img decoding=\"async\" class=\"eael-lc-img-src\" src=\"https:\/\/iestphuarmaca.edu.pe\/portal\/wp-content\/uploads\/2025\/11\/pharma.webp\" alt=\"\">                                    <\/div>\n\t\t\t\t\t\t\t\t\t                                <\/div>\n                            <\/div>\n\t\t\t\t\t\t                            <div class=\"swiper-slide\">\n                                <div class=\"eael-lc-logo-wrap\">\n\t\t\t\t\t\t\t\t\t                                    <div id=\"eael-lc-logo-9b135db\" class=\"eael-lc-logo\">\n\t\t\t\t\t\t\t\t\t\t<img decoding=\"async\" class=\"eael-lc-img-src\" src=\"https:\/\/iestphuarmaca.edu.pe\/portal\/wp-content\/uploads\/2025\/11\/pica.webp\" alt=\"\">                                    <\/div>\n\t\t\t\t\t\t\t\t\t                                <\/div>\n                            <\/div>\n\t\t\t\t\t\t                <\/div>\n            <\/div>\n\t\t\t        <\/div>\n\t\t\t\t\t\t<\/div>\n\t\t\t\t\t<\/div>\n\t\t\t\t<\/div>\n\t\t\t\t<\/div>\n\t\t\t\t<\/div>\n\t\t                    <\/div>\n\t\t                    <\/div>\n        <\/div>\n\t\t\t\t<\/div>\n\t\t\t\t\t<\/div>\n\t\t\t\t<\/div>\n\t\t\t\t<\/div>\n\t\t\t\t<\/div>\n\t\t","protected":false},"excerpt":{"rendered":"<p>conoce nuestra historia A\u00f1os formando profesionales t\u00e9cnicos de excelencia, comprometidos con el desarrollo de la salud y el sector empresarial de nuestra regi\u00f3n. Nuestra Historia Prop\u00f3sito Educativo Logros Enfoque Pedag\u00f3gico Convenios RESE\u00d1A HIST\u00d3RICA INSTITUTO DE EDUCACI\u00d3N SUPERIOR TECNOL\u00d3GICO P\u00daBLICO \u201cHUARMACA\u201d El Instituto de Educaci\u00f3n Superior Tecnol\u00f3gica Publico de \u201cHuarmaca\u201d, del Distrito de \u201cHuarmaca\u201d fue creado [&hellip;]<\/p>\n","protected":false},"author":1,"featured_media":0,"parent":0,"menu_order":0,"comment_status":"closed","ping_status":"closed","template":"","meta":{"_acf_changed":false,"footnotes":""},"class_list":["post-226","page","type-page","status-publish","hentry"],"blocksy_meta":{"has_hero_section":"disabled","styles_descriptor":{"styles":{"desktop":"","tablet":"","mobile":""},"google_fonts":[],"version":6}},"acf":[],"_links":{"self":[{"href":"https:\/\/iestphuarmaca.edu.pe\/portal\/wp-json\/wp\/v2\/pages\/226","targetHints":{"allow":["GET"]}}],"collection":[{"href":"https:\/\/iestphuarmaca.edu.pe\/portal\/wp-json\/wp\/v2\/pages"}],"about":[{"href":"https:\/\/iestphuarmaca.edu.pe\/portal\/wp-json\/wp\/v2\/types\/page"}],"author":[{"embeddable":true,"href":"https:\/\/iestphuarmaca.edu.pe\/portal\/wp-json\/wp\/v2\/users\/1"}],"replies":[{"embeddable":true,"href":"https:\/\/iestphuarmaca.edu.pe\/portal\/wp-json\/wp\/v2\/comments?post=226"}],"version-history":[{"count":175,"href":"https:\/\/iestphuarmaca.edu.pe\/portal\/wp-json\/wp\/v2\/pages\/226\/revisions"}],"predecessor-version":[{"id":5334,"href":"https:\/\/iestphuarmaca.edu.pe\/portal\/wp-json\/wp\/v2\/pages\/226\/revisions\/5334"}],"wp:attachment":[{"href":"https:\/\/iestphuarmaca.edu.pe\/portal\/wp-json\/wp\/v2\/media?parent=226"}],"curies":[{"name":"wp","href":"https:\/\/api.w.org\/{rel}","templated":true}]}}